
Suppose 9*t - 12*t - 3*g = -19029, -t - 5*g = -6363. What are the prime factors of t?
2, 3169
Suppose 4177 = 9*x - 521. Let y = -13 + x. What are the prime factors of y?
509
Suppose 2*k + 2*k - 5*u + 40 = 0, -k + u = 10. Let t = 124 + k. List the prime factors of t.
2, 3, 19
Suppose 0 = 119*j - 130*j + 52591. List the prime factors of j.
7, 683
Let c = 376 - -811. Let d = c + -687. What are the prime factors of d?
2, 5
Suppose -3*s + 47457 = 46*j - 51*j, -5*s = 3*j - 79095. What are the prime factors of s?
3, 5273
Let l = -3115 + 7427. List the prime factors of l.
2, 7, 11
Suppose 0 = p - 5*q + 32, 3*q - q = 4*p + 38. Let m be (9/(-6))/(p/14). Suppose -3*n + 180 = m*u, u + 5*n - 40 = 16. What are the prime factors of u?
61
Let x be ((-114)/9 - -7)*-3. Suppose -x = -k + 182. List the prime factors of k.
199
Let u(h) = -4*h + 17. Suppose -19 = t - 24. Let p be u(t). What are the prime factors of (-147)/(-18) + (p - (-51)/18)?
2
Let j(p) = -4*p - 36. Let n be j(-4). What are the prime factors of (-9846)/(-15) + n/50?
2, 41
Suppose -f - 16 = -20. Suppose 135 = 7*r - f*r. Let o = 68 - r. What are the prime factors of o?
23
Let i(r) = -2329*r + 2532. What are the prime factors of i(-6)?
2, 3, 7, 131
Suppose -3*l + 4*w + 39 = 8, 4*w + 26 = 2*l. Suppose z + 5*s = -z + 217, -592 = -l*z + 4*s. What are the prime factors of z?
2, 29
Suppose -4*j + 12 = 0, -4*j - 6 = 3*c - 0*c. Let l be ((-24)/9)/(4/c). What are the prime factors of 1*((-5)/l)/((-8)/32)?
5
Let y(p) = -p**2 + 2*p + 2. Let w be y(0). Suppose 0 = -4*q - n + 27, -w*q + 25 = 2*q + 3*n. Suppose -4*s + 1892 = q*s. What are the prime factors of s?
2, 43
Let a = 306 + -279. Suppose -4*b + 103 = w, w + a = -0*b + b. List the prime factors of b.
2, 13
Let a = 23580 + -14881. List the prime factors of a.
8699
Let k(v) = -v**3 + 13*v**2 + 15*v - 12. Let t be k(14). Suppose 417 = x + y, 5*x - 2090 = t*y - 6*y. List the prime factors of x.
2, 211
What are the prime factors of (-5 - (5 + -11914)) + -15?
3, 1321
Let g be (24/14)/(6/42 - 0). Suppose -g*r - 585 - 1311 = 0. Let h = r + 293. What are the prime factors of h?
3, 5
Let o = -179 + 736. What are the prime factors of 106 + -111 - (0 - o)?
2, 3, 23
Suppose -5*m = 2*r - 13266, 2*r + 6665 = 3*m + 19915. What are the prime factors of r?
2, 1657
Let k(p) = 24*p**2 - 19*p + 3. Let r be k(-15). Suppose 4*j = -8*j + r. What are the prime factors of j?
2, 3, 79
Let s = 2575 + -2225. List the prime factors of s.
2, 5, 7
Let x(u) = -552*u + 4. Let h = 205 - 206. List the prime factors of x(h).
2, 139
Let m = 485 - -56. Let c = m + -374. What are the prime factors of c?
167
Suppose 2*y = -11*u + 8*u + 124238, 6 = -3*y. What are the prime factors of u?
2, 20707
Suppose 60*i - 288 = 36*i. List the prime factors of i*(-7)/(98/(-2149)).
2, 3, 307
List the prime factors of -19 - (-5710 - 5 - 13).
3, 11, 173
Suppose -a = -4, -3*a = 2*v - 0*a + 24. What are the prime factors of 14*(10*v/(-24) - -4)?
7, 23
Let w = -60 - -129. Let l = 25 - w. Let j = -18 - l. List the prime factors of j.
2, 13
Suppose 19734 = -17*a + 265316. What are the prime factors of a?
2, 31, 233
Let v(f) = 36*f**2 - 2*f + 2. Let q = -55 + 57. Suppose -2*k - 3*d = q*k + 14, 3*k + 16 = -5*d. List the prime factors of v(k).
2, 3, 5
Suppose 161*u - 2562 = 158*u. Let z = -319 + u. List the prime factors of z.
5, 107
Suppose -28454 = 7*q - 202698. What are the prime factors of q?
2, 7, 127
Let m = 3942 - 2551. What are the prime factors of m?
13, 107
What are the prime factors of (2997 + 78)*4/10?
2, 3, 5, 41
Let m(t) = -2*t**2 + 10*t - 8. Suppose -7*v + 33 = 5. Let q be m(v). Suppose q = -11*a + 15*a - 164. List the prime factors of a.
41
Let i(m) = -48*m**3 - 1. Let c be i(1). Suppose -3*a - 105 = -72. Let s = a - c. List the prime factors of s.
2, 19
Let z(x) = 4*x**2 - 4*x + 7. Let o be z(2). List the prime factors of 13/((-1)/(-8)*(o + -13)).
2, 13
Let s be 5/((-20)/(-492))*(-3)/(-9). Suppose -14 = -x + 5*n, -4*n = -4*x + n + s. List the prime factors of x.
3
Suppose -28*k = -36*k + 952. List the prime factors of k + (-5)/(-9 - -4).
2, 3, 5
Suppose 10*t - 49 - 71 = 0. Suppose t*v + 4170 = 27*v. What are the prime factors of v?
2, 139
Let b(d) = d**2 - 35*d - 165. Suppose -155 = -3*p + 2*q, -5*p - q = 18 - 298. List the prime factors of b(p).
5, 11, 17
Suppose 54 = 6*v - 54. Suppose 4*i + 2*d = -0*i + v, -i - d = -5. Suppose 4*t - 5*z - 8 = -i, 5*t + 5*z = 50. List the prime factors of t.
2, 3
Let q be (-5*1 + -2)/((-21)/462). Suppose 4*c + 5*l = 307, 5*l - 7*l = 2*c - q. What are the prime factors of (-3)/2*(-6 - c)?
2, 3, 7
Let j = -55 - -62. Suppose -j*f - f = -208. Suppose 0 = r - 78 + f. What are the prime factors of r?
2, 13
Let b = -15947 - -23362. What are the prime factors of b?
5, 1483
Suppose -137*n - 90712 = -145*n. What are the prime factors of n?
17, 23, 29
Let i = 64868 + -37299. What are the prime factors of i?
19, 1451
Let r = -4763 - -9033. List the prime factors of r.
2, 5, 7, 61
Suppose 108*s + 11*s - 4482225 = -46*s. List the prime factors of s.
3, 5, 1811
Let u(f) = -f - 8. Let t be u(-10). Suppose 2*d - d = t. Suppose d*w + 1840 = 10*w. List the prime factors of w.
2, 5, 23
Suppose 694*h = 697*h - 69. Suppose 0 = h*l - 6262 - 5353. What are the prime factors of l?
5, 101
Let t = 2820 - 1980. Let h = t + -312. What are the prime factors of h?
2, 3, 11
Let s(p) = 2005*p - 1654. What are the prime factors of s(12)?
2, 17, 659
Let l = 379 - 87. Let r = l - 199. List the prime factors of r.
3, 31
Let q(a) = -261*a**3 - 2*a**2 - 2*a - 1. Let u be (-4)/34 - (-16810)/(-170). Let g = u - -98. What are the prime factors of q(g)?
2, 5, 13
Suppose u - 12 = -8. Suppose -u*w + 1490 = w. Suppose -5*d = 3*a - 112, -5*a - d = 82 - w. List the prime factors of a.
2, 11
Let m = -31335 - -55819. What are the prime factors of m?
2, 6121
Suppose -5*b + 10832 = u, 5*b = 226 - 231. What are the prime factors of u?
10837
Suppose 406878 = 128*q + 210546 - 250260. What are the prime factors of q?
3, 1163
Let u(s) = s**2 - 21*s + 93. Suppose 0 = m + 4*n - 32, 2*m + 3*n = -28 + 77. What are the prime factors of u(m)?
73
Let d(z) = -56*z + 8 + 17*z + 14*z + 26*z**2 + 10*z**2 + 18*z. Let p = -3 - -5. List the prime factors of d(p).
2, 3, 23
Suppose c = -3*w + 3*c + 127, -151 = -4*w - c. Suppose w*v = 40*v - 184. What are the prime factors of v?
2, 23
Let y(w) = 6*w - 15. Let d be y(9). Suppose d*n - 18030 - 19683 = 0. What are the prime factors of n?
967
Let j(w) = 5*w**2 - 7*w - 15. Let l(f) = 11*f**2 - 13*f - 27. Let n(k) = -7*j(k) + 4*l(k). Suppose 0 = -0*m - 4*m - 8. List the prime factors of n(m).
3, 13
Let c = 3585 - 3186. List the prime factors of c.
3, 7, 19
Let d = -29 - -29. Let n be ((-22)/10 + d)*(-8 - -3). What are the prime factors of 1003/n - 10/55?
7, 13
Suppose 1 = -3*q - y + 6, 0 = -5*q + 4*y + 31. Let a(r) be the third derivative of r**6/24 - r**5/20 + r**3/2 + 13*r**2. What are the prime factors of a(q)?
3, 37
Suppose 948 = -4*a + 7*a. Let x = -167 + a. Let t = x + -96. List the prime factors of t.
53
Let y(g) = -39713*g + 1697. List the prime factors of y(-2).
3, 7, 3863
Suppose 3 = 3*d, 44*l - 1052 = 43*l - 4*d. What are the prime factors of l?
2, 131
Let b = 23240 + -17394. What are the prime factors of b?
2, 37, 79
What are the prime factors of 2/(-4)*(-220432)/(15 + -7)?
23, 599
Suppose -3*h + h + 2*z + 8 = 0, -4*h - 4*z = 16. Suppose 2*f + h*f = 20. List the prime factors of ((-192)/f)/(-2 - 74/(-40)).
2
Let o(c) = 2286*c**2 + 4*c + 4. Let f be o(-1). Let r = -1190 + f. What are the prime factors of r?
2, 137
Let v(d) = -7*d**2 + 2*d + 4 - 5*d - 5*d + 10*d**2. Let g be 6/(-21) + 3 + 54/(-7). List the prime factors of v(g).
7, 17
What are the prime factors of 7/2 + -4*(-49548)/96?
2, 11, 47
Let k = -210 + 224. Suppose k*p - 491 = 14083. What are the prime factors of p?
3, 347
Let a = 440 - 442. Let c(d) = -34*d**3 + 5*d**2 + 5*d - 4. List the prime factors of c(a).
2, 139
Let h be 382158/210 + -2 + 22/10. Suppose 5*k = t - 478, 4*k - h = -4*t + k. What are the prime factors of t?
2, 229
Let t = 28487 - 6935. List the prime factors of t.
2, 3, 449
Let h be (33 + -18 - 12) + 1/(-1). Let w = 2208 - 3493. List the prime factors of w/(-10) + h/4.
3, 43
Suppose 46 = -8*c + 718. Let